nder when 178605 is divided by 39.
24
Calculate the remainder when 62812 is divided by 29.
27
What is the remainder when 1798 is divided by 216?
70
What is the remainder when 739083 is divided by 12318?
3
Calculate the remainder when 54558 is divided by 40.
38
Calculate the remainder when 30464 is divided by 443.
340
What is the remainder when 3369 is divided by 2520?
849
Calculate the remainder when 964 is divided by 949.
15
Calculate the remainder when 2714 is divided by 453.
449
What is the remainder when 1721 is divided by 343?
6
What is the remainder when 8592 is divided by 141?
132
What is the remainder when 1488019 is divided by 166?
161
Calculate the remainder when 227697 is divided by 558.
33
What is the remainder when 3714 is divided by 247?
9
What is the remainder when 555 is divided by 534?
21
Calculate the remainder when 2079304 is divided by 113.
104
Calculate the remainder when 24476 is divided by 1743.
74
Calculate the remainder when 58819 is divided by 98.
19
Calculate the remainder when 37546 is divided by 257.
24
Calculate the remainder when 188036 is divided by 269.
5
What is the remainder when 1109518 is divided by 13?
7
What is the remainder when 11250 is divided by 70?
50
Calculate the remainder when 2288 is divided by 102.
44
What is the remainder when 3506 is divided by 76?
10
What is the remainder when 168894 is divided by 1330?
1314
What is the remainder when 1108 is divided by 185?
183
Calculate the remainder when 6623 is divided by 123.
104
Calculate the remainder when 178 is divided by 151.
27
What is the remainder when 212626 is divided by 1?
0
What is the remainder when 1034425 is divided by 16?
9
What is the remainder when 590237 is divided by 28?
25
What is the remainder when 281322 is divided by 133?
27
Calculate the remainder when 4541 is divided by 579.
488
Calculate the remainder when 28517 is divided by 23.
20
What is the remainder when 4097 is divided by 4057?
40
Calculate the remainder when 8970 is divided by 2990.
0
Calculate the remainder when 124191 is divided by 526.
55
Calculate the remainder when 18855 is divided by 1709.
56
Calculate the remainder when 2927 is divided by 1065.
797
Calculate the remainder when 104921 is divided by 2141.
12
What is the remainder when 35331 is divided by 422?
305
Calculate the remainder when 92049 is divided by 11506.
1
What is the remainder when 31469 is divided by 960?
749
Calculate the remainder when 117655 is divided by 136.
15
What is the remainder when 11454 is divided by 3616?
606
What is the remainder when 772 is divided by 193?
0
Calculate the remainder when 195407 is divided by 69.
68
What is the remainder when 741 is divided by 219?
84
Calculate the remainder when 24173 is divided by 257.
15
What is the remainder when 2944390 is divided by 177?
172
What is the remainder when 22732 is divided by 12?
4
What is the remainder when 6888 is divided by 255?
3
Calculate the remainder when 76267 is divided by 1660.
1567
Calculate the remainder when 12492 is divided by 2489.
47
What is the remainder when 77538 is divided by 283?
279
What is the remainder when 163737 is divided by 12595?
2
Calculate the remainder when 653 is divided by 388.
265
Calculate the remainder when 1368 is divided by 70.
38
Calculate the remainder when 2180012 is divided by 29.
24
Calculate the remainder when 847992 is divided by 1325.
1317
Calculate the remainder when 540844 is divided by 50.
44
Calculate the remainder when 13066 is divided by 66.
64
What is the remainder when 10621 is divided by 10498?
123
Calculate the remainder when 104666 is divided by 3609.
5
Calculate the remainder when 181629 is divided by 96.
93
Calculate the remainder when 292190 is divided by 725.
15
What is the remainder when 724 is divided by 3?
1
Calculate the remainder when 12198 is divided by 188.
166
What is the remainder when 5073 is divided by 240?
33
Calculate the remainder when 3386 is divided by 613.
321
Calculate the remainder when 6119 is divided by 1525.
19
Calculate the remainder when 147630 is divided by 17.
2
What is the remainder when 4551 is divided by 463?
384
Calculate the remainder when 9208459 is divided by 1569.
1567
Calculate the remainder when 60354 is divided by 88.
74
Calculate the remainder when 4806 is divided by 150.
6
What is the remainder when 814462 is divided by 145?
142
Calculate the remainder when 23220 is divided by 44.
32
Calculate the remainder when 21576 is divided by 33.
27
What is the remainder when 257 is divided by 62?
9
What is the remainder when 256057 is divided by 85350?
7
Calculate the remainder when 45532 is divided by 45530.
2
What is the remainder when 5846 is divided by 82?
24
Calculate the remainder when 45556 is divided by 5056.
52
Calculate the remainder when 3475501 is divided by 16.
13
Calculate the remainder when 17078 is divided by 1898.
1894
What is the remainder when 352340 is divided by 636?
632
What is the remainder when 32635 is divided by 119?
29
What is the remainder when 16054 is divided by 110?
104
Calculate the remainder when 51772 is divided by 23.
22
What is the remainder when 5090 is divided by 5011?
79
Calculate the remainder when 1247 is divided by 367.
146
Calculate the remainder when 558107 is divided by 67.
64
Calculate the remainder when 1957 is divided by 626.
79
What is the remainder when 10538 is divided by 292?
26
What is the remainder when 15528 is divided by 420?
408
Calculate the remainder when 1685 is divided by 186.
11
What is the remainder when 9154 is divided by 4568?
18
Calculate the remainder when 45284 is divided by 76.
64
What is the remainder when 5683 is divided by 156?
67
Calculate the remainder when 184966 is divided by 355.
11
Calculate the remainder when 6407 is divided by 2705.
997
Calculate the remainder when 32288 is divided by 141.
140
What is the remainder when 1732 is divided by 33?
16
What is the remainder when 1902 is divided by 128?
110
Calculate the remainder when 14645 is divided by 4878.
11
What is the remainder when 544605 is divided by 62?
59
What is the remainder when 5935 is divided by 1186?
5
Calculate the remainder when 938 is divided by 285.
83
Calculate the remainder when 45382 is divided by 122.
120
Calculate the remainder when 12651 is divided by 132.
111
Calculate the remainder when 171534 is divided by 57089.
267
Calculate the remainder when 8822 is divided by 1104.
1094
Calculate the remainder when 12401 is divided by 1191.
491
What is the remainder when 16324 is divided by 12?
4
What is the remainder when 15739 is divided by 1238?
883
Calculate the remainder when 1364 is divided by 23.
7
What is the remainder when 3743 is divided by 1446?
851
What is the remainder when 38316 is divided by 174?
36
Calculate the remainder when 1560 is divided by 280.
160
Calculate the remainder when 25899 is divided by 16.
11
What is the remainder when 1956 is divided by 930?
96
Calculate the remainder when 23955 is divided by 99.
96
Calculate the remainder when 3304 is divided by 253.
15
What is the remainder when 3397 is divided by 34?
31
What is the remainder when 15590 is divided by 7541?
508
Calculate the remainder when 1857 is divided by 1289.
568
What is the remainder when 211857 is divided by 78?
9
What is the remainder when 32766 is divided by 10919?
9
Calculate the remainder when 117663 is divided by 10695.
18
Calculate the remainder when 31116 is divided by 182.
176
What is the remainder when 11325 is divided by 12?
9
What is the remainder when 13531 is divided by 519?
37
Calculate the remainder when 5255 is divided by 148.
75
What is the remainder when 522 is divided by 484?
38
Calculate the remainder when 319 is divided by 22.
11
What is the remainder when 1260710 is divided by 91?
87
What is the remainder when 1175698 is divided by 422?
6
What is the remainder when 7389 is divided by 284?
5
What is the remainder when 43166 is divided by 7?
4
What is the remainder when 8349 is divided by 148?
61
Calculate the remainder when 28070 is divided by 1217.
79
Calculate the remainder when 23862 is divided by 27.
21
What is the remainder when 28649 is divided by 387?
11
What is the remainder when 120783 is divided by 192?
15
Calculate the remainder when 815252 is divided by 135872.
20
What is the re